k(x) = 14*i(x) - 6*u(x). Let l be 2 + -1 + (-8)/2. What is k(l)?
-10
Let l be 4/(2/(-1) + 4). Let x = l + -5. Let m(k) = 2*k**2 + 7*k + 4. Let u(s) = 3*s**2 + 10*s + 5. Let o(a) = 4*m(a) - 3*u(a). Give o(x).
-2
Let p(t) = 5*t - 4*t - 1 - 3*t - 2*t. Suppose 4*j + 4*y - 17 = y, -2*y = -j - 4. Give p(j).
-9
Let y(o) = -o**2 - 5*o + 7. Suppose 0 = -x - 4*c - 10, -4*x - 2*c = -0*c + 26. Calculate y(x).
1
Let f(p) = -p**3 + 3*p + 2. Let z = 9 - 5. Suppose -3*g = -16 + z. Suppose -3*o + g*o = -2. Calculate f(o).
4
Let t(n) = -3*n + 6. Suppose 2*k - 6 = -k. Suppose 0*w = 3*g - 3*w - 6, -g + 3*w - k = 0. Determine t(g).
-6
Let d(c) = -7*c**3 + c**2 + 5*c + 7. Let i be (-6)/8 - (-1)/(-4). Let h(g) = -g**3 + g**2 + g + 1. Let k(a) = i*d(a) + 6*h(a). Give k(-4).
11
Let d(u) = -4*u**2 + 2*u - 2. Let g = 30 + -28. What is d(g)?
-14
Let u(y) = -y + 3. Let i = 5 - 9. What is u(i)?
7
Let g be (-8)/28 - (-32)/14. Suppose 0 = -4*t - 5*z - 29, 0 = 2*z - 4*z - g. Let d(o) = o**3 + 6*o**2 + 2*o + 8. Give d(t).
-4
Let r(n) = n**3 - 8*n**2 + 8*n - 7. Let m be r(7). Let q(a) = -5 - 3*a - a**2 + 2*a + m + 6*a. What is q(5)?
-5
Let j = -11 + 30. Suppose 3*q + 11 = m - 2, 0 = 4*q - 3*m + j. Let z(v) = -v**3 - 5*v**2 + 3. What is z(q)?
-13
Let u(c) = -2*c - 4. Let a(y) = 3*y + 5. Let l(d) = 3*a(d) + 4*u(d). What is l(-3)?
-4
Let d(y) be the first derivative of 0*y**2 - 1/120*y**5 + 5/24*y**4 + 0*y + 2/3*y**3 + 1. Let h(o) be the third derivative of d(o). Calculate h(3).
2
Let j = 118 - 122. Let r(h) = 2*h**2 + 2*h - 4. What is r(j)?
20
Let j(n) = -n**2 - 5*n - 6. Suppose -2*l = -3 + 1. Suppose 14 = -3*w - l. Determine j(w).
-6
Suppose 1 + 2 = 3*i. Let m(b) be the second derivative of -7*b**4/12 - b**3/6 + 2*b. Determine m(i).
-8
Let t = 1 + -2. Let u = 0 - t. Let l(j) = 3*j**2 + j - 1. Let i(x) = 3*x**2 + x - 1. Let r(g) = 4*i(g) - 5*l(g). What is r(u)?
-3
Let u(c) be the second derivative of c**3/3 - c**2/2 - 8*c. Suppose 0*b + 4*b = 12. What is u(b)?
5
Let l(s) be the second derivative of -3*s**5/10 + s**4/12 + s**3/6 + s**2/2 - 5*s. Calculate l(-1).
7
Let f(p) = -p**3 + 13*p**2 + p - 15. Let h be f(13). Let s(r) = r + 2. What is s(h)?
0
Let k(z) be the third derivative of -1/24*z**4 - z**3 + 4*z**2 + 0*z + 0. Give k(-5).
-1
Let w(u) = 6 - 1 - 6 + u. Let i(m) = 3*m - 4. Let x(v) = i(v) - 4*w(v). What is x(1)?
-1
Let k(l) = -l + 20. Let v be k(6). Let q = v - 18. Let n(m) = 3*m - 2. Calculate n(q).
-14
Suppose 79 = 3*u + 4*a, 4*a - 80 = -3*u - a. Let i be -5*5/(u/(-2)). Let y(n) = -2*n**i + 3*n**2 - n**3 - n**3. Give y(1).
-1
Let z(f) be the third derivative of -1/15*f**5 - 1/2*f**3 + 0*f - 1/120*f**6 - 5/24*f**4 - 7*f**2 + 0. What is z(-3)?
3
Let y(r) be the second derivative of -r**3/6 - 21*r. What is y(1)?
-1
Let y be -8*1*4/8. Let w(d) = -d**2 - 3*d + 4. Determine w(y).
0
Let q(o) = o**2 + 3. Let z be (2 - 4)/((-12)/54). Suppose -6 = -h - z. What is q(h)?
12
Let o(x) = -2*x - 5. Let n(c) = -3*c - 6. Let s(b) = 3*n(b) - 4*o(b). Let h(d) = d**2 + 7*d - 2. Let q be h(-8). Let w = q - 1. Give s(w).
-3
Suppose 0 = -2*j, 2*t + j + 6 + 2 = 0. Let u be 5/(1*1/1). Let f(g) = g**3 + 5*g**2 + 6 + u*g + 0 + 0*g. Calculate f(t).
2
Let w(s) be the second derivative of s**7/2520 - s**6/720 + s**5/24 + 7*s**4/12 - 4*s. Let g(b) be the third derivative of w(b). Calculate g(0).
5
Let b(m) = m**3 + 4*m**2 + m + 1. Let d(h) = h**2 - 9*h - 3. Let j be d(9). Let c(n) = n + 3. Let w be c(j). Suppose 4*v - v + 9 = w. What is b(v)?
7
Suppose -5*g - 32 = -7. Let u(m) = m + 3. Determine u(g).
-2
Let x(d) = d - 2. Suppose -4*b = 5*a - 9, 5*b - a = -3*a + 7. Suppose u + 3*s = 0, u = -s + 6*s + 8. Suppose z = -y - 0*z - b, u*y + 21 = 3*z. Give x(y).
-6
Let d(n) be the second derivative of -n**5/20 - n**4/2 + n**3/2 + 7*n**2/2 - 6*n. Give d(-6).
-11
Let d(v) = -v**3 + 11*v**2 - v + 14. Let x be (-33)/(-2)*18/27. Let q be d(x). Let w(n) = -3 + 2 - n + 0. Calculate w(q).
-4
Let f(n) = -3*n**3 - 10*n**2 - 9*n - 6. Let z(v) = 4*v**3 + 10*v**2 + 9*v + 7. Let o(c) = 3*f(c) + 2*z(c). Give o(-9).
-4
Let d(a) = -29*a**2 + 3 + 60*a**2 - 33*a**2 - 2*a. Calculate d(2).
-9
Let u(l) = -6*l**2 - 4*l - 3. Let r(s) = -7*s**2 - 4*s - 4 + 0 + 0*s. Let f(n) = -5*r(n) + 6*u(n). Give f(-4).
2
Let m be (2/3)/((-4)/(-18)). Suppose m*n = 4*n + 6. Let o(f) = -f**3 - 5*f**2 + 5*f - 7. Give o(n).
-1
Let k(p) = p + 3. Let y(r) = -3. Let n(m) = -2*k(m) - 3*y(m). Give n(2).
-1
Let n be (4 - 6)*2/(-4). Let g = n - -10. Suppose -3*j + 4 = -g. Let v(m) = -m**3 + 4*m**2 + 6*m + 4. What is v(j)?
9
Let k(x) = -3*x**3 + 22*x**2 - 16*x - 16. Let s(j) = j**3 - 7*j**2 + 5*j + 5. Let n(t) = 2*k(t) + 7*s(t). What is n(4)?
-1
Let q(y) = 5*y. Let d(t) = -t. Let s(n) = -d(n) + q(n). Let w = -8 + 7. Let l = w - -2. Calculate s(l).
6
Let c(w) = -w**3 - 4*w**2 + 2*w - 4. Suppose 0*p - 3*p = -6. Let d be (-10)/2*(p - 1). Let i be (10/(-4))/d*-10. Calculate c(i).
11
Let z be (-8)/14 - 486/(-189). Let m(t) be the second derivative of 0 - t - 1/6*t**3 - 1/20*t**5 - 1/2*t**4 - 4*t**z. Calculate m(-6).
-2
Let d(i) = 3*i - 2. Let l(n) = 7*n - 5. Let k(p) = -13*d(p) + 6*l(p). Let c = -14 - -17. Determine k(c).
5
Let z be (3/(-3)*4)/(-2). Let a(f) = -f + 3 + 2 - z. Give a(-5).
8
Let i(w) = -2*w. Suppose 3 = 4*s + 5*y + 14, y = -3*s. Suppose 2*k = q + 2, k + 3 = s. Calculate i(q).
12
Let i = 18 - 6. Let f be (-23)/7 - i/(-42). Let d(n) = n**2 + 4*n - 3. Determine d(f).
-6
Let h(a) = -a**2 + 6*a - 2. Let k(s) be the first derivative of s**4/4 - 5*s**3/3 + s**2 - 5*s - 1. Let r = 64 - 59. Let w be k(r). What is h(w)?
3
Let v be 192/20 - (-4)/10. Let s(o) = v*o**3 + 0 - 1 - 11*o**3 + o. Give s(0).
-1
Suppose -10 = -r - 5. Let q = -2 + 4. Let z(u) = 4*u**2 + 0*u**3 - r - q*u**3 + 3*u**3 - 6*u. What is z(-5)?
0
Let o(f) = f**3 - 7*f**2 - f + 7. Let p be o(7). Suppose 3*n + p*n = 0. Let m be n + -2 - -3 - -3. Let l(g) = -g**3 + 4*g**2 - 4. Determine l(m).
-4
Let i(o) be the second derivative of o**5/60 + o**4/6 - o**3 - o**2/2 + 4*o. Let p(s) be the first derivative of i(s). Calculate p(-6).
6
Let v(c) = 62*c - 5 + c**2 - 124*c + 58*c. What is v(6)?
7
Let c = 2 + 3. Let f(w) = 4*w - 3. What is f(c)?
17
Let p(h) be the second derivative of -h + 2/3*h**3 + 0 + 3/2*h**2 + 1/12*h**4. Let v = -29 + 26. What is p(v)?
0
Let c(k) be the first derivative of k**5/10 + k**4/6 + k**2 - 10*k + 4. Let f(t) be the first derivative of c(t). Give f(-2).
-6
Let v(c) = 7*c**2 + 17*c + 11. Let g(p) = -3*p**2 - 8*p - 5. Let d(x) = 9*g(x) + 4*v(x). Let z be d(4). Let k(m) = m + 1. Give k(z).
0
Let s(j) = j - 3*j + 5*j + 6. What is s(-7)?
-15
Let h(v) = -5 + 5*v**2 + v**3 + 0*v**2 + 3*v - 6*v**2 + 2. What is h(2)?
7
Let q(s) be the third derivative of s**4/24 - 4*s**3/3 + 5*s**2. What is q(0)?
-8
Let f be (-21)/(-2) - 4/8. Let v be (117/65)/(3/f). Let y(z) = -z**3 + 5*z**2 + 8*z - 3. Calculate y(v).
9
Let k(g) be the third derivative of -g**6/720 + g**5/120 - g**4/24 - g**2. Let o(n) be the second derivative of k(n). What is o(-1)?
2
Let p(r) = -r**2 - 15*r - 25. Let x be p(-13). Let q(y) = -5*y**2 + y. Give q(x).
-4
Let t(u) = u - 8 + 5 - 2*u - 10. Give t(-7).
-6
Let j be (1 + -2)*-3*1. Let c(w) = -2*w + j*w**2 - 4*w**2 - 1 - w. Suppose -1 = -8*k - 17. Calculate c(k).
1
Let s be ((-1)/3)/((-1)/15). Let y(g) = g**3 - 10*g**2 - 8*g + 11. Let l(q) = q**3 - 9*q**2 - 8*q + 10. Let b(k) = -6*l(k) + 5*y(k). Give b(s).
10
Let a be 3*(3 - 44/12). Let h(r) = r**3 + r**2 - r + 1. Let c(f) = 7*f**3 + 9*f**2 - 9*f + 5. Let d(k) = -c(k) + 6*h(k). Give d(a).
-9
Let k(w) = -w**3 - 2*w**2 - 11*w + 9. Let v(j) be the first derivative of j**4/4 + j**3/3 + 6*j**2 - 10*j + 7. Let m(d) = -6*k(d) - 5*v(d). Calculate m(-6).
-4
Let n(f) = -f**3 - 4*f**2 - 3*f. Suppose 5*h = 3*y, -6*y = 5*h - 3*y + 30. Determine n(h).
0
Let b(q) = q + 1. Suppose 0*y = 5*y. Calculate b(y).
1
Let s be ((-21)/(-14))/(6/8). Let z(l) = -3*l**3 + 3*l**3 + s*l + 2 - 3 + 8*l**3. Give z(1).
9
Let o be 2/(-6)*(-3 - 15). Let l(w) = 7*w - 12. Let y(r) = 1. Let q(h) = l(h) + 6*y(h). Let c(d) = -d. Let i(m) = o*c(m) + q(m). What is i(3)?
-3
Let s = 10 + -7. Suppose 2*c - s*c + 3 = 0. Suppose -b - 2*t - 5 = 0, 5*t + 14 = -6*b + c*b. Let q(j) = -j**3 - 2*j**2 + 3*j + 4. Determine q(b).
4
Let d(l) be the third derivative of -l**5/60 + 5